
315
What is the remainder when 3699 is divided by 3377?
322
What is the remainder when 2431569 is divided by 15?
9
Calculate the remainder when 2021 is divided by 56.
5
Calculate the remainder when 15784 is divided by 451.
450
Calculate the remainder when 26609 is divided by 8840.
89
What is the remainder when 11266 is divided by 43?
0
What is the remainder when 1533 is divided by 112?
77
What is the remainder when 13967 is divided by 34?
27
What is the remainder when 2491 is divided by 138?
7
What is the remainder when 4740 is divided by 475?
465
What is the remainder when 1812 is divided by 152?
140
Calculate the remainder when 4245 is divided by 482.
389
Calculate the remainder when 41295 is divided by 504.
471
What is the remainder when 244 is divided by 38?
16
Calculate the remainder when 2802 is divided by 563.
550
Calculate the remainder when 18211 is divided by 3030.
31
Calculate the remainder when 6534 is divided by 1102.
1024
What is the remainder when 1543333 is divided by 18?
13
Calculate the remainder when 4971 is divided by 259.
50
Calculate the remainder when 14150 is divided by 253.
235
Calculate the remainder when 48481 is divided by 31.
28
What is the remainder when 2334 is divided by 183?
138
Calculate the remainder when 1831 is divided by 514.
289
Calculate the remainder when 99750 is divided by 26.
14
What is the remainder when 225802 is divided by 127?
123
What is the remainder when 68595 is divided by 9798?
9
Calculate the remainder when 83464 is divided by 9.
7
Calculate the remainder when 711 is divided by 148.
119
What is the remainder when 9675 is divided by 193?
25
Calculate the remainder when 21266 is divided by 610.
526
Calculate the remainder when 3361 is divided by 418.
17
What is the remainder when 18786 is divided by 18776?
10
What is the remainder when 13229 is divided by 1886?
27
What is the remainder when 3619 is divided by 166?
133
Calculate the remainder when 419004 is divided by 8.
4
Calculate the remainder when 31712 is divided by 15815.
82
What is the remainder when 27219 is divided by 6801?
15
Calculate the remainder when 20427 is divided by 82.
9
Calculate the remainder when 28950 is divided by 131.
130
Calculate the remainder when 1560 is divided by 224.
216
Calculate the remainder when 14240 is divided by 364.
44
Calculate the remainder when 31150 is divided by 778.
30
Calculate the remainder when 174410 is divided by 709.
705
What is the remainder when 2030 is divided by 992?
46
What is the remainder when 15603 is divided by 5047?
462
What is the remainder when 45898 is divided by 7647?
16
Calculate the remainder when 11277 is divided by 355.
272
What is the remainder when 414 is divided by 246?
168
What is the remainder when 19438 is divided by 809?
22
Calculate the remainder when 21253 is divided by 33.
1
What is the remainder when 997381 is divided by 2019?
2014
Calculate the remainder when 184556 is divided by 645.
86
What is the remainder when 60936 is divided by 2649?
9
What is the remainder when 17344 is divided by 4311?
100
What is the remainder when 172 is divided by 62?
48
What is the remainder when 72306 is divided by 3?
0
Calculate the remainder when 3371 is divided by 560.
11
What is the remainder when 14163 is divided by 358?
201
What is the remainder when 1350786 is divided by 168846?
18
What is the remainder when 214406 is divided by 755?
741
Calculate the remainder when 124618 is divided by 19.
16
Calculate the remainder when 21491 is divided by 21488.
3
Calculate the remainder when 11286 is divided by 99.
0
Calculate the remainder when 14772 is divided by 52.
4
What is the remainder when 1065 is divided by 111?
66
What is the remainder when 870199 is divided by 1073?
1069
What is the remainder when 584 is divided by 386?
198
What is the remainder when 42241 is divided by 10560?
1
Calculate the remainder when 4704 is divided by 362.
360
Calculate the remainder when 2813 is divided by 1989.
824
What is the remainder when 542563 is divided by 649?
648
What is the remainder when 6801 is divided by 5743?
1058
What is the remainder when 49139 is divided by 109?
89
What is the remainder when 41918 is divided by 40?
38
Calculate the remainder when 452137 is divided by 452131.
6
Calculate the remainder when 6290 is divided by 27.
26
What is the remainder when 8057 is divided by 3994?
69
Calculate the remainder when 30031 is divided by 15015.
1
Calculate the remainder when 4565 is divided by 673.
527
Calculate the remainder when 5294 is divided by 436.
62
Calculate the remainder when 1127 is divided by 53.
14
What is the remainder when 6069 is divided by 581?
259
What is the remainder when 69610 is divided by 161?
58
What is the remainder when 199054 is divided by 20?
14
Calculate the remainder when 9140 is divided by 2279.
24
What is the remainder when 63306 is divided by 9042?
12
What is the remainder when 7201 is divided by 725?
676
Calculate the remainder when 3113 is divided by 1031.
20
Calculate the remainder when 347578 is divided by 17.
13
Calculate the remainder when 5201 is divided by 55.
31
Calculate the remainder when 247528 is divided by 123762.
4
What is the remainder when 33752 is divided by 135?
2
What is the remainder when 20167 is divided by 20158?
9
What is the remainder when 2210 is divided by 192?
98
Calculate the remainder when 812171 is divided by 15.
11
Calculate the remainder when 432214 is divided by 232.
230
Calculate the remainder when 2582 is divided by 38.
36
What is the remainder when 200556 is divided by 66850?
6
What is the remainder when 6837 is divided by 679?
47
Calculate the remainder when 34486 is divided by 5746.
10
What is the remainder when 62747 is divided by 31371?
5
Calculate the remainder when 126489 is divided by 1976.
25
What is the remainder when 784853 is divided by 1625?
1603
What is the remainder when 32795 is divided by 662?
357
What is the remainder when 18606 is divided by 6069?
399
What is the remainder when 10468 is divided by 10177?
291
What is the remainder when 7180 is divided by 286?
30
Calculate the remainder when 33210 is divided by 19.
17
What is the remainder when 27516 is divided by 25?
16
Calculate the remainder when 244541 is divided by 16302.
11
What is the remainder when 7070 is divided by 505?
0
Calculate the remainder when 552 is divided by 25.
2
What is the remainder when 68070 is divided by 202?
198
Calculate the remainder when 850 is divided by 269.
43
What is the remainder when 57129 is divided by 8161?
2
Calculate the remainder when 465 is divided by 103.
53
What is the remainder when 271356 is divided by 78?
72
What is the remainder when 6911628 is divided by 418?
416
Calculate the remainder when 222263 is divided by 930.
923
Calculate the remainder when 4654 is divided by 468.
442
Calculate the remainder when 24440 is divided by 1628.
20
Calculate the remainder when 4182 is divided by 162.
132
What is the remainder when 7749 is divided by 62?
61
Calculate the remainder when 136369 is divided by 27.
19
What is the remainder when 1841 is divided by 795?
251
What is the remainder when 45548 is divided by 22768?
12
Calculate the remainder when 51893 is divided by 237.
227
What is the remainder when 183947 is divided by 325?
322
What is the remainder when 103403 is divided by 128?
107
Calculate the remainder when 6188 is divided by 1728.
1004
What is the remainder when 3065 is divided by 3018?
47
Calculate the remainder when 4308 is divided by 2152.
4
Calculate the remainder when 591 is divided by 508.
83
Calculate the remainder when 3442 is divided by 1714.
14
Calculate the remainder when 57960 is divided by 337.
333
What is the remainder when 115471 is divided by 28?
27
Calculate the remainder when 23084 is divided by 13.
9
Calculate the remainder when 98 is divided by 22.
10
What is the remainder when 3199 is divided by 144?
31
Calculate the remainder when 155935 is divided by 77934.
67
What is the remainder when 63982 is divided by 547?
530
Calculate the remainder when 12593 is divided by 6256.
81
What is the remainder when 84004 is divided by 41?
36
Calculate the remainder when 7045 is divided by 1163.
67
What is the remainder when 1461 is divided by 50?
11
Calculate the remainder when 6808 is divided by 27